{"id":1729,"date":"2024-10-20T13:07:20","date_gmt":"2024-10-20T11:07:20","guid":{"rendered":"https:\/\/tcbuxerolles.fr\/?page_id=1729"},"modified":"2024-10-20T13:13:10","modified_gmt":"2024-10-20T11:13:10","slug":"calendrier-2024-2025-2","status":"publish","type":"page","link":"http:\/\/tcbuxerolles.fr\/index.php\/calendrier-2024-2025-2\/","title":{"rendered":"Calendrier 2024\/2025"},"content":{"rendered":"\n<p class=\"has-medium-font-size\">Le tennis club de BUXEROLLES mets \u00e0 disposition les calendriers de la saison.<\/p>\n\n\n\n<p class=\"has-text-align-center has-medium-font-size\"><strong>Calendrier g\u00e9n\u00e9ral<\/strong><\/p>\n\n\n<div class=\"wp-block-image\">\n<figure class=\"aligncenter size-full is-resized\"><a href=\"https:\/\/tcbuxerolles.fr\/wp-content\/uploads\/2024\/10\/calendrier-sportif-2025.pdf\" target=\"_blank\" rel=\"noreferrer noopener\"><img data-recalc-dims=\"1\" loading=\"lazy\" decoding=\"async\" width=\"150\" height=\"114\" src=\"https:\/\/i0.wp.com\/tcbuxerolles.fr\/wp-content\/uploads\/2024\/10\/calendrier-sportif-2025-1.jpg?resize=150%2C114&#038;ssl=1\" alt=\"\" class=\"wp-image-1720\" style=\"width:463px;height:auto\"\/><\/a><\/figure>\n<\/div>\n\n\n<p class=\"has-text-align-center has-medium-font-size\"><\/p>\n\n\n\n<p class=\"has-text-align-center has-medium-font-size\"><strong>Calendrier g\u00e9n\u00e9ral<\/strong><\/p>\n\n\n<div class=\"wp-block-image\">\n<figure class=\"aligncenter size-full is-resized\"><a href=\"https:\/\/tcbuxerolles.fr\/wp-content\/uploads\/2024\/10\/Calendrier-2024-2025-Adherents-TC-Buxerolles.pdf\" target=\"_blank\" rel=\"noreferrer noopener\"><img data-recalc-dims=\"1\" loading=\"lazy\" decoding=\"async\" width=\"530\" height=\"674\" src=\"https:\/\/i0.wp.com\/tcbuxerolles.fr\/wp-content\/uploads\/2024\/10\/Calendrier-2024-2025-Adherents-TC-Buxerolles.jpg?resize=530%2C674&#038;ssl=1\" alt=\"\" class=\"wp-image-1725\" style=\"width:463px;height:auto\" srcset=\"https:\/\/i0.wp.com\/tcbuxerolles.fr\/wp-content\/uploads\/2024\/10\/Calendrier-2024-2025-Adherents-TC-Buxerolles.jpg?w=728 728w, https:\/\/i0.wp.com\/tcbuxerolles.fr\/wp-content\/uploads\/2024\/10\/Calendrier-2024-2025-Adherents-TC-Buxerolles.jpg?resize=236%2C300 236w\" sizes=\"auto, (max-width: 530px) 100vw, 530px\" \/><\/a><\/figure>\n<\/div>","protected":false},"excerpt":{"rendered":"<p>Le tennis club de BUXEROLLES mets \u00e0 disposition les calendriers de la saison. Calendrier g\u00e9n\u00e9ral Calendrier g\u00e9n\u00e9ral <a class=\"more-link\" href=\"http:\/\/tcbuxerolles.fr\/index.php\/calendrier-2024-2025-2\/\">Continuer la lecture <span class=\"screen-reader-text\">  Calendrier 2024\/2025<\/span><span class=\"meta-nav\">&rarr;<\/span><\/a><\/p>\n","protected":false},"author":1,"featured_media":0,"parent":0,"menu_order":4,"comment_status":"closed","ping_status":"closed","template":"page-fullwidth.php","meta":{"footnotes":""},"class_list":["post-1729","page","type-page","status-publish","hentry"],"yoast_head":"<!-- This site is optimized with the Yoast SEO plugin v27.4 - https:\/\/yoast.com\/product\/yoast-seo-wordpress\/ -->\n<title>Calendrier 2024\/2025 - Tennis Club Buxerolles<\/title>\n<meta name=\"robots\" content=\"index, follow, max-snippet:-1, max-image-preview:large, max-video-preview:-1\" \/>\n<link rel=\"canonical\" href=\"https:\/\/tcbuxerolles.fr\/index.php\/calendrier-2024-2025-2\/\" \/>\n<meta property=\"og:locale\" content=\"fr_FR\" \/>\n<meta property=\"og:type\" content=\"article\" \/>\n<meta property=\"og:title\" content=\"Calendrier 2024\/2025 - Tennis Club Buxerolles\" \/>\n<meta property=\"og:description\" content=\"Le tennis club de BUXEROLLES mets \u00e0 disposition les calendriers de la saison. Calendrier g\u00e9n\u00e9ral Calendrier g\u00e9n\u00e9ral Continuer la lecture  Calendrier 2024\/2025&rarr;\" \/>\n<meta property=\"og:url\" content=\"https:\/\/tcbuxerolles.fr\/index.php\/calendrier-2024-2025-2\/\" \/>\n<meta property=\"og:site_name\" content=\"Tennis Club Buxerolles\" \/>\n<meta property=\"article:publisher\" content=\"https:\/\/www.facebook.com\/tennis.buxerolles\/\" \/>\n<meta property=\"article:modified_time\" content=\"2024-10-20T11:13:10+00:00\" \/>\n<meta property=\"og:image\" content=\"https:\/\/tcbuxerolles.fr\/wp-content\/uploads\/2024\/10\/calendrier-sportif-2025-1.jpg\" \/>\n<meta name=\"twitter:label1\" content=\"Dur\u00e9e de lecture estim\u00e9e\" \/>\n\t<meta name=\"twitter:data1\" content=\"1 minute\" \/>\n<script type=\"application\/ld+json\" class=\"yoast-schema-graph\">{\"@context\":\"https:\\\/\\\/schema.org\",\"@graph\":[{\"@type\":\"WebPage\",\"@id\":\"https:\\\/\\\/tcbuxerolles.fr\\\/index.php\\\/calendrier-2024-2025-2\\\/\",\"url\":\"https:\\\/\\\/tcbuxerolles.fr\\\/index.php\\\/calendrier-2024-2025-2\\\/\",\"name\":\"Calendrier 2024\\\/2025 - Tennis Club Buxerolles\",\"isPartOf\":{\"@id\":\"https:\\\/\\\/tcbuxerolles.fr\\\/#website\"},\"primaryImageOfPage\":{\"@id\":\"https:\\\/\\\/tcbuxerolles.fr\\\/index.php\\\/calendrier-2024-2025-2\\\/#primaryimage\"},\"image\":{\"@id\":\"https:\\\/\\\/tcbuxerolles.fr\\\/index.php\\\/calendrier-2024-2025-2\\\/#primaryimage\"},\"thumbnailUrl\":\"https:\\\/\\\/tcbuxerolles.fr\\\/wp-content\\\/uploads\\\/2024\\\/10\\\/calendrier-sportif-2025-1.jpg\",\"datePublished\":\"2024-10-20T11:07:20+00:00\",\"dateModified\":\"2024-10-20T11:13:10+00:00\",\"breadcrumb\":{\"@id\":\"https:\\\/\\\/tcbuxerolles.fr\\\/index.php\\\/calendrier-2024-2025-2\\\/#breadcrumb\"},\"inLanguage\":\"fr-FR\",\"potentialAction\":[{\"@type\":\"ReadAction\",\"target\":[\"https:\\\/\\\/tcbuxerolles.fr\\\/index.php\\\/calendrier-2024-2025-2\\\/\"]}]},{\"@type\":\"ImageObject\",\"inLanguage\":\"fr-FR\",\"@id\":\"https:\\\/\\\/tcbuxerolles.fr\\\/index.php\\\/calendrier-2024-2025-2\\\/#primaryimage\",\"url\":\"https:\\\/\\\/tcbuxerolles.fr\\\/wp-content\\\/uploads\\\/2024\\\/10\\\/calendrier-sportif-2025-1.jpg\",\"contentUrl\":\"https:\\\/\\\/tcbuxerolles.fr\\\/wp-content\\\/uploads\\\/2024\\\/10\\\/calendrier-sportif-2025-1.jpg\"},{\"@type\":\"BreadcrumbList\",\"@id\":\"https:\\\/\\\/tcbuxerolles.fr\\\/index.php\\\/calendrier-2024-2025-2\\\/#breadcrumb\",\"itemListElement\":[{\"@type\":\"ListItem\",\"position\":1,\"name\":\"Accueil\",\"item\":\"https:\\\/\\\/tcbuxerolles.fr\\\/\"},{\"@type\":\"ListItem\",\"position\":2,\"name\":\"Calendrier 2024\\\/2025\"}]},{\"@type\":\"WebSite\",\"@id\":\"https:\\\/\\\/tcbuxerolles.fr\\\/#website\",\"url\":\"https:\\\/\\\/tcbuxerolles.fr\\\/\",\"name\":\"Tennis Club Buxerolles\",\"description\":\"Le tennis par excellence\",\"publisher\":{\"@id\":\"https:\\\/\\\/tcbuxerolles.fr\\\/#organization\"},\"potentialAction\":[{\"@type\":\"SearchAction\",\"target\":{\"@type\":\"EntryPoint\",\"urlTemplate\":\"https:\\\/\\\/tcbuxerolles.fr\\\/?s={search_term_string}\"},\"query-input\":{\"@type\":\"PropertyValueSpecification\",\"valueRequired\":true,\"valueName\":\"search_term_string\"}}],\"inLanguage\":\"fr-FR\"},{\"@type\":\"Organization\",\"@id\":\"https:\\\/\\\/tcbuxerolles.fr\\\/#organization\",\"name\":\"tcbuxerolles\",\"url\":\"https:\\\/\\\/tcbuxerolles.fr\\\/\",\"logo\":{\"@type\":\"ImageObject\",\"inLanguage\":\"fr-FR\",\"@id\":\"https:\\\/\\\/tcbuxerolles.fr\\\/#\\\/schema\\\/logo\\\/image\\\/\",\"url\":\"https:\\\/\\\/i0.wp.com\\\/tcbuxerolles.fr\\\/wp-content\\\/uploads\\\/2021\\\/11\\\/Logo-TCB-e1637708983510.png?fit=512%2C424&ssl=1\",\"contentUrl\":\"https:\\\/\\\/i0.wp.com\\\/tcbuxerolles.fr\\\/wp-content\\\/uploads\\\/2021\\\/11\\\/Logo-TCB-e1637708983510.png?fit=512%2C424&ssl=1\",\"width\":512,\"height\":424,\"caption\":\"tcbuxerolles\"},\"image\":{\"@id\":\"https:\\\/\\\/tcbuxerolles.fr\\\/#\\\/schema\\\/logo\\\/image\\\/\"},\"sameAs\":[\"https:\\\/\\\/www.facebook.com\\\/tennis.buxerolles\\\/\",\"https:\\\/\\\/www.instagram.com\\\/tennis_club_buxerolles\\\/?utm_medium=copy_link\"]}]}<\/script>\n<!-- \/ Yoast SEO plugin. -->","yoast_head_json":{"title":"Calendrier 2024\/2025 - Tennis Club Buxerolles","robots":{"index":"index","follow":"follow","max-snippet":"max-snippet:-1","max-image-preview":"max-image-preview:large","max-video-preview":"max-video-preview:-1"},"canonical":"https:\/\/tcbuxerolles.fr\/index.php\/calendrier-2024-2025-2\/","og_locale":"fr_FR","og_type":"article","og_title":"Calendrier 2024\/2025 - Tennis Club Buxerolles","og_description":"Le tennis club de BUXEROLLES mets \u00e0 disposition les calendriers de la saison. Calendrier g\u00e9n\u00e9ral Calendrier g\u00e9n\u00e9ral Continuer la lecture  Calendrier 2024\/2025&rarr;","og_url":"https:\/\/tcbuxerolles.fr\/index.php\/calendrier-2024-2025-2\/","og_site_name":"Tennis Club Buxerolles","article_publisher":"https:\/\/www.facebook.com\/tennis.buxerolles\/","article_modified_time":"2024-10-20T11:13:10+00:00","og_image":[{"url":"https:\/\/tcbuxerolles.fr\/wp-content\/uploads\/2024\/10\/calendrier-sportif-2025-1.jpg","type":"","width":"","height":""}],"twitter_misc":{"Dur\u00e9e de lecture estim\u00e9e":"1 minute"},"schema":{"@context":"https:\/\/schema.org","@graph":[{"@type":"WebPage","@id":"https:\/\/tcbuxerolles.fr\/index.php\/calendrier-2024-2025-2\/","url":"https:\/\/tcbuxerolles.fr\/index.php\/calendrier-2024-2025-2\/","name":"Calendrier 2024\/2025 - Tennis Club Buxerolles","isPartOf":{"@id":"https:\/\/tcbuxerolles.fr\/#website"},"primaryImageOfPage":{"@id":"https:\/\/tcbuxerolles.fr\/index.php\/calendrier-2024-2025-2\/#primaryimage"},"image":{"@id":"https:\/\/tcbuxerolles.fr\/index.php\/calendrier-2024-2025-2\/#primaryimage"},"thumbnailUrl":"https:\/\/tcbuxerolles.fr\/wp-content\/uploads\/2024\/10\/calendrier-sportif-2025-1.jpg","datePublished":"2024-10-20T11:07:20+00:00","dateModified":"2024-10-20T11:13:10+00:00","breadcrumb":{"@id":"https:\/\/tcbuxerolles.fr\/index.php\/calendrier-2024-2025-2\/#breadcrumb"},"inLanguage":"fr-FR","potentialAction":[{"@type":"ReadAction","target":["https:\/\/tcbuxerolles.fr\/index.php\/calendrier-2024-2025-2\/"]}]},{"@type":"ImageObject","inLanguage":"fr-FR","@id":"https:\/\/tcbuxerolles.fr\/index.php\/calendrier-2024-2025-2\/#primaryimage","url":"https:\/\/tcbuxerolles.fr\/wp-content\/uploads\/2024\/10\/calendrier-sportif-2025-1.jpg","contentUrl":"https:\/\/tcbuxerolles.fr\/wp-content\/uploads\/2024\/10\/calendrier-sportif-2025-1.jpg"},{"@type":"BreadcrumbList","@id":"https:\/\/tcbuxerolles.fr\/index.php\/calendrier-2024-2025-2\/#breadcrumb","itemListElement":[{"@type":"ListItem","position":1,"name":"Accueil","item":"https:\/\/tcbuxerolles.fr\/"},{"@type":"ListItem","position":2,"name":"Calendrier 2024\/2025"}]},{"@type":"WebSite","@id":"https:\/\/tcbuxerolles.fr\/#website","url":"https:\/\/tcbuxerolles.fr\/","name":"Tennis Club Buxerolles","description":"Le tennis par excellence","publisher":{"@id":"https:\/\/tcbuxerolles.fr\/#organization"},"potentialAction":[{"@type":"SearchAction","target":{"@type":"EntryPoint","urlTemplate":"https:\/\/tcbuxerolles.fr\/?s={search_term_string}"},"query-input":{"@type":"PropertyValueSpecification","valueRequired":true,"valueName":"search_term_string"}}],"inLanguage":"fr-FR"},{"@type":"Organization","@id":"https:\/\/tcbuxerolles.fr\/#organization","name":"tcbuxerolles","url":"https:\/\/tcbuxerolles.fr\/","logo":{"@type":"ImageObject","inLanguage":"fr-FR","@id":"https:\/\/tcbuxerolles.fr\/#\/schema\/logo\/image\/","url":"https:\/\/i0.wp.com\/tcbuxerolles.fr\/wp-content\/uploads\/2021\/11\/Logo-TCB-e1637708983510.png?fit=512%2C424&ssl=1","contentUrl":"https:\/\/i0.wp.com\/tcbuxerolles.fr\/wp-content\/uploads\/2021\/11\/Logo-TCB-e1637708983510.png?fit=512%2C424&ssl=1","width":512,"height":424,"caption":"tcbuxerolles"},"image":{"@id":"https:\/\/tcbuxerolles.fr\/#\/schema\/logo\/image\/"},"sameAs":["https:\/\/www.facebook.com\/tennis.buxerolles\/","https:\/\/www.instagram.com\/tennis_club_buxerolles\/?utm_medium=copy_link"]}]}},"jetpack_sharing_enabled":true,"_links":{"self":[{"href":"http:\/\/tcbuxerolles.fr\/index.php\/wp-json\/wp\/v2\/pages\/1729","targetHints":{"allow":["GET"]}}],"collection":[{"href":"http:\/\/tcbuxerolles.fr\/index.php\/wp-json\/wp\/v2\/pages"}],"about":[{"href":"http:\/\/tcbuxerolles.fr\/index.php\/wp-json\/wp\/v2\/types\/page"}],"author":[{"embeddable":true,"href":"http:\/\/tcbuxerolles.fr\/index.php\/wp-json\/wp\/v2\/users\/1"}],"replies":[{"embeddable":true,"href":"http:\/\/tcbuxerolles.fr\/index.php\/wp-json\/wp\/v2\/comments?post=1729"}],"version-history":[{"count":3,"href":"http:\/\/tcbuxerolles.fr\/index.php\/wp-json\/wp\/v2\/pages\/1729\/revisions"}],"predecessor-version":[{"id":1732,"href":"http:\/\/tcbuxerolles.fr\/index.php\/wp-json\/wp\/v2\/pages\/1729\/revisions\/1732"}],"wp:attachment":[{"href":"http:\/\/tcbuxerolles.fr\/index.php\/wp-json\/wp\/v2\/media?parent=1729"}],"curies":[{"name":"wp","href":"https:\/\/api.w.org\/{rel}","templated":true}]}}